110
In base 5, what is 2 - -112?
114
In base 16, what is 2 + d8f?
d91
In base 10, what is -94 - 101?
-195
In base 9, what is 1 + 1524?
1525
In base 6, what is -11 - -154?
143
In base 5, what is -134 + 1?
-133
In base 10, what is 34717 - 4?
34713
In base 11, what is -5 + 2aa?
2a5
In base 10, what is 5 + 43?
48
In base 13, what is -c - -65?
56
In base 2, what is 11000 - 10101101010?
-10101010010
In base 12, what is 11 - -1?
12
In base 7, what is -10 + 1145?
1135
In base 16, what is 1 + -2d?
-2c
In base 8, what is -1224 + -20?
-1244
In base 5, what is 20 - 340?
-320
In base 13, what is 23 - -1?
24
In base 2, what is -10101 + -1001?
-11110
In base 14, what is 5 + -78?
-73
In base 12, what is 4 - -844?
848
In base 5, what is -10433 - 11?
-10444
In base 8, what is 2 - -4?
6
In base 6, what is -22 - 212?
-234
In base 9, what is -236 - -4?
-232
In base 6, what is 3 - -1344?
1351
In base 2, what is 11 - -11010?
11101
In base 14, what is 394 - -2?
396
In base 12, what is -a + -1a?
-28
In base 8, what is 11 - -655?
666
In base 16, what is 1 - -1a?
1b
In base 10, what is 1 - 1772?
-1771
In base 5, what is -11210 - 4?
-11214
In base 8, what is -53071 + -1?
-53072
In base 7, what is 22 - -24?
46
In base 2, what is -110 + 11000101?
10111111
In base 14, what is -43 + d?
-34
In base 15, what is 3 - -10?
13
In base 6, what is 0 + 543?
543
In base 2, what is 10 + 11111?
100001
In base 12, what is -6 - -413?
409
In base 4, what is 303 - -1?
310
In base 6, what is 355 + -5?
350
In base 9, what is 12 + -110?
-87
In base 10, what is -804 - 2?
-806
In base 12, what is 11 - 17?
-6
In base 8, what is -37370 + -2?
-37372
In base 13, what is -113a + 1?
-1139
In base 7, what is 1240 + -53?
1154
In base 12, what is -1 + 86?
85
In base 11, what is 4 - 73?
-6a
In base 3, what is -2 + -10101?
-10110
In base 13, what is -6 - -9?
3
In base 13, what is 2 + 5?
7
In base 4, what is 21203 - 1?
21202
In base 14, what is 92 - 5?
8b
In base 10, what is -5 + -8?
-13
In base 16, what is -3 - -20?
1d
In base 11, what is -4 - 107?
-110
In base 13, what is 120 + -1c?
101
In base 11, what is 8 - -12?
1a
In base 16, what is -5 - 10?
-15
In base 10, what is 9 + 230?
239
In base 2, what is 100 - 0?
100
In base 8, what is 14 - -461?
475
In base 9, what is -3 + 162?
158
In base 13, what is 49 + -50?
-4
In base 13, what is -2a + 1?
-29
In base 8, what is -12 + 2?
-10
In base 7, what is 325 - 13?
312
In base 12, what is 1 + 661?
662
In base 3, what is 12 - -1112011?
1112100
In base 9, what is 31016 - -1?
31017
In base 6, what is 3052 + -2?
3050
In base 10, what is 339 - 5?
334
In base 4, what is -11 - -301?
230
In base 16, what is -1f + 19?
-6
In base 7, what is -11 - 302?
-313
In base 2, what is -11011011 + -100?
-11011111
In base 7, what is -6546 + 0?
-6546
In base 9, what is 5 + 1172?
1177
In base 9, what is -7 + 3247?
3240
In base 14, what is -1589 - 4?
-158d
In base 10, what is -6566 + 4?
-6562
In base 5, what is 13243 - 12?
13231
In base 11, what is 4 - -1a79?
1a82
In base 14, what is 5 - 3c7?
-3c2
In base 12, what is -19 - -844?
827
In base 11, what is -20a79 + 4?
-20a75
In base 12, what is -610 - -3?
-609
In base 12, what is 0 - -73?
73
In base 2, what is 110000101110 - -101?
110000110011
In base 5, what is -3 - -1103?
1100
In base 3, what is 11112 - -2?
11121
In base 8, what is -2341 + -4?
-2345
In base 10, what is 80 + 1?
81
In base 3, what is 1221010 + 12?
1221022
In base 7, what is -2052 - 1?
-2053
In base 15, what is -30d + -2?
-310
In base 11, what is -81 - -8?
-74
In base 13, what is 881 - 3?
87b
In base 4, what is 21322 + 2?
21330
In base 5, what is 100003 - 3?
100000
In base 10, what is 3 + 605?
608
In base 16, what is -bf7 - 0?
-bf7
In base 6, what is -4105 + 3?
-4102
In base 10, what is -7 - -94?
87
In base 16, what is f - 32?
-23
In base 15, what is 0 + 75?
75
In base 5, what is 330 - -11?
341
In base 3, what is -102122120 - 0?
-102122120
In base 2, what is 11011001 - 10010?
11000111
In base 16, what is -1 + -4d?
-4e
In base 6, what is 5 - 1244?
-1235
In base 7, what is -2 - 550?
-552
In base 9, what is -337 - -18?
-318
In base 12, what is 9 - 0?
9
In base 13, what is 1a - 1c9?
-1ac
In base 16, what is f + -f?
0
In base 5, what is -2043 - -3?
-2040
In base 6, what is 30 + 24?
54
In base 9, what is 88 + -2?
86
In base 5, what is 14 - 124?
-110
In base 14, what is -3 + 38?
35
In base 11, what is 3 + -50?
-48
In base 10, what is 6 - -126?
132
In base 13, what is -92 + -12?
-a4
In base 14, what is -3c + -279?
-2b7
In base 2, what is 100011111 + 11?
100100010
In base 6, what is 3002 + 3?
3005
In base 4, what is -32323 + 10?
-32313
In base 13, what is 62 + -2?
60
In base 3, what is 0 + -2101?
-2101
In base 11, what is -3 - 36?
-39
In base 11, what is 422 - 1?
421
In base 2, what is -101110 - 100100110?
-101010100
In base 3, what is 10 - -200021?
200101
In base 4, what is 2012 - 0?
2012
In base 4, what is -30311 - 10?
-30321
In base 12, what is 89b0 + -2?
89aa
In base 4, what is -1 - 2110?
-2111
In base 8, what is -1515 + -3?
-1520
In base 5, what is -1 + -20024?
-20030
In base 5, what is 2242 - 43?
2144
In base 3, what is -212111 + -2?
-212120
In base 11, what is -6a9 + 1?
-6a8
In base 13, what is 7 + c1?
c8
In base 5, what is -1 - 14401?
-14402
In base 2, what is 100 - -101101?
110001
In base 6, what is 5 - 4454?
-4445
In base 9, what is -658 + 0?
-658
In base 15, what is b0 - 0?
b0
In base 6, what is 5 - -2052?
2101
In base 2, what is 1110 - -100011111?
100101101
In base 6, what is 332 + -1?
331
In base 15, what is 2 - 38?
-36
In base 16, what is -3 + -1d?
-20
In base 8, what is -63 + 40?
-23
In base 15, what is 5 - -b0a?
b10
In base 8, what is -3 - -465?
462
In base 13, what is 6 - -89?
92
In base 3, what is 110 - -11210?
12020
In base 3, what is -112 + 20?
-22
In base 5, what is 44 + -2?
42
In base 6, what is 2 - 124?
-122
In base 15, what is -831 + 3?
-82d
In base 6, what is 11 + -2510?
-2455
In base 5, what is 1 - -101141?
101142
In base 14, what is -1 - 51?
-52
In base 16, what is -16 - 3?
-19
In base 6, what is -40402 - -4?
-40354
In base 3, what is -122110021 - -11?
-122110010
In base 6, what is -3 - -113?
110
In base 3, what is -2 - -101210?
101201
In base 4, what is -103 + -123?
-232
In base 8, what is -20 + -7?
-27
In base 11, what is 2 - 138?
-136
In base 7, what is -13655 - 1?
-13656
In base 7, what is 1262 - -11?
1303
In base 16, what is -b - 3f?
-4a
In base 7, what is 36 - 11?
25
In base 15, what is 9 - -8?
12
In base 14, what is 52 - -2?
54
In base 16, what is -196 + 3?
-193
In base 5, what is 1 - 30?
-24
In base 7, what is 15 - -425?
443
In base 4, what is 112311 + -22?
112223
In base 12, what is 0 - -106?
106
In base 2, what is -1011101001 + -11101?
-1100000110
In base 6, what is 400 - 13?
343
In base 10, what is 4 - -273?
277
In base 6, what is 13 + -1550?
-1533
In base 3, what is -100002 + 11?
-22221
In base 12, what is -25 + -4a?
-73
In base 2, what is 110011101101 + 10?
110011101111
In base 13, what is -7 - 3c2?
-3c9
In base 4, what is 3 - 301?
-232
In base 2, what is -10110101 - 111?
-10111100
In base 13, what is -15 + -2?
-17
In base 2, what is 110111010 - 1001?
110110001
In base 9, what is -7 - 67?
-75
In base 6, what is -521 + -235?
-1200
In base 11, what is 4a + -4?
46
In base 3, what is -22 + 222?
200
In base 3, what is 210 + 112?
1022
In base 4, what is 2132 - 231?
1301
In base 7, what is 12211 - 0?
12211
In base 6, what is -1331 - -22?
-1305
In base 11, what is 2 - a4a?
-a48
In base 6, what is 1415 + -2?
1413
In base 7, what is -143 - 30?
-203
In base 16, what is -6d - 9?
-76
In base 14, what is -65 - -2?
-63
In base 7, what is -4 - -101?
64
In base 9, what is -3745 + 3?
-3742
In base 3, what is 12 + -12120?
-12101
In base 11, what is 16 - -7?
22
In base 3, what is -1020120 - 22?
-1020212
In base 15, what is 0 + -1e2?
-1e2
In base 2, what is -1000 + -10010?
-11010
In base 6, what is 123 - -15?
142
In base 14, what is 5 - -519?
520
In base 2, what is 110100011010 + -1?
110100011001
In base 8, what is 2 + -5242?
-5240
In base 13, what is 239 + 4?
240
In base 2, what is -11 + -11000010?
-11000101
In base 11, what is -64 - 5?
-69
In base 3, what is 101212 + 11?
102000
In base 10, what is 981 - 3?
978
In base 6, what is 13 - 4?
5
In base 15, what is -1 